.
11
Let z be (-681)/(-6) + -2 - ((-375)/(-6))/(-25). What is the highest common divisor of z and 266?
38
Let w(n) = 16*n - 28. Let f be w(54). Calculate the greatest common divisor of 152 and f.
76
Let j = 5340 + -5043. Let a = -92 - -146. Calculate the highest common factor of a and j.
27
Suppose 2626 = 4*y - 2*v, 2*y - 6*v = -v + 1309. Let i = -642 + y. Calculate the highest common divisor of i and 105.
15
Let q = 8533 + -2858. What is the highest common divisor of q and 50?
25
Let u = 76 - 71. Suppose -u*f - 2 = -4*f, 5*d + 3*f - 19 = 0. Suppose -892 = -5*x + 2*y, -d*y = x + x - 380. Calculate the highest common factor of 72 and x.
36
Let y = 145 + -65. Suppose 16*d - 15*d - 3 = 0. Suppose -j - 4*a = -44, d*a = j - a - 36. What is the highest common factor of j and y?
40
Suppose -5*s = 69 - 189. Suppose s = 24*b - 18*b. Suppose 0 = b*f - 2 - 18. What is the highest common factor of f and 40?
5
Let t(v) = -63*v + 7. Let d be t(-6). Let q = -2010 + 2065. Calculate the highest common divisor of d and q.
55
Let q be (-1345)/(-3)*(-1665)/(-111). Calculate the highest common divisor of q and 538.
269
Let h = -20 + 29. Let x be -6*(-3)/h*32. Let t be (-1 + 6)/((-5)/(-96)). What is the greatest common factor of t and x?
32
Suppose -209 = t + o, -8*o + 3*o = -2*t - 404. Let d = -189 - t. Calculate the highest common factor of 153 and d.
9
Let p(i) = 4*i**2 - 2*i. Let x be p(3). Suppose -198*c = -39*c + 1480 - 11974. Calculate the greatest common divisor of x and c.
6
Let r(i) = 3*i**2 + 50*i - 280. Let f be r(6). What is the greatest common divisor of f and 144?
16
Let g be (76 - 1)/(-87 + 92). What is the highest common divisor of g and 8190?
15
Let s(b) be the third derivative of -b**6/120 + 3*b**5/10 + 19*b**4/24 + 10*b**3 - 63*b**2. Let n be s(19). What is the highest common divisor of n and 75?
15
Let u = 44 - -124. Let a be 1 + 45 - (43 + -45). Calculate the greatest common factor of u and a.
24
Let f = -27544 - -28648. Calculate the highest common factor of f and 8418.
138
Let y(d) = -4*d**2 + 2*d + 5. Let f be y(4). Let r be 6/f - 444/(-17). What is the highest common divisor of 169 and r?
13
Let i = 150 - 29. Let n(y) = -2*y**2 + 30*y + 3. Let j be n(14). Suppose -j*b = 108 - 449. Calculate the highest common factor of i and b.
11
Let c(b) = 18*b**3 - b**2 + 2*b + 4. Let p be c(-2). Let g = -144 - p. Suppose -182 = -v - w + 2*w, 0 = -g*w - 8. What is the highest common factor of 18 and v?
18
Let l(r) = -169*r**3 - 2*r**2 - 13*r - 18. Let t be l(-2). Calculate the greatest common divisor of t and 351.
13
Let j(p) = p**3 - 2*p**2 + 3*p - 2. Suppose -17*q = -19*q + 4. Let k be j(q). Suppose 0*d = 77*d - 2772. Calculate the greatest common factor of k and d.
4
Suppose -3*r = -t + 149 - 3489, -17*t = 2*r - 2368. What is the greatest common divisor of r and 63?
9
Suppose 5*f + 97 = -x, 4*f - f = -4*x - 48. Let o = f - -23. Suppose -4*a = -o*a - 13. What is the highest common factor of 65 and a?
13
Suppose -t - 2*v = -487, -v - 728 - 266 = -2*t. Let x be (-7)/(-14) + (t/(-6))/(-3). Suppose j = 3*j - x. Calculate the highest common divisor of j and 2.
2
Let c = -13896 + 14697. What is the highest common divisor of 63 and c?
9
Let g = 24861 + -18146. What is the highest common factor of 255 and g?
85
Let h be (-30)/35*392/(-24). Suppose u - g = 13, -13*u + 4*g + 12 = -h*u. Calculate the greatest common factor of u and 124.
4
Let c(a) = -4*a**3 + 3*a**2 + 2*a - 1. Let t be c(-3). Let m = 61 - 61. Suppose 2*k + 0 - 32 = m. What is the highest common factor of t and k?
16
Let v be 20/((-22)/(-7) + -3). Calculate the greatest common divisor of v and 80.
20
Suppose 5*k - j = 1002, 0 = k + 4*j - 91 - 143. Calculate the greatest common factor of 3131 and k.
101
Suppose -843150 - 322150 = -172*h. Calculate the highest common factor of 50 and h.
25
Suppose 0*f = 18*f - 2*f - 131712. Calculate the greatest common factor of f and 48.
24
Let o(c) be the first derivative of -c**4/4 - 31*c**3/3 + 2*c - 171. Let z be o(-31). Suppose -5 = -2*p + 27. Calculate the highest common factor of p and z.
2
Let a = -23 + 9. Let l(j) be the first derivative of -j**2 - 26*j - 12. Let m be l(a). Calculate the highest common factor of m and 4.
2
Let j(o) = -3*o + 1. Let u(m) = -54*m + 42. Let y(c) = -12*j(c) + u(c). Let r be y(0). What is the greatest common divisor of 150 and r?
30
Suppose 13*u + 2334 - 3504 = 0. What is the greatest common factor of 38 and u?
2
Let m = -2771 + 2787. What is the highest common divisor of m and 1616?
16
Let w be (3 + 1 - 4) + 1. Let g be -5*-5*(w - -2). Suppose -10*v = -15*v + g. Calculate the greatest common factor of v and 3.
3
Let o(u) = -81*u - 2506. Let b be o(-38). What is the greatest common factor of b and 3575?
143
Suppose -3*q - 350 = 2*q. Let k = q + 124. Suppose 4*h - k = 2*r, 4*h - 4*r = 3*h + 24. Calculate the greatest common factor of h and 96.
12
Let g(u) = -u**3 + 25*u**2 - 22*u - 21. Let i be g(25). Let t = 591 + i. Calculate the greatest common divisor of 100 and t.
20
Suppose -3*u + 3 = -5*c + 282, 0 = -3*c + 9. Let r be (-3 + u/(-24))*1005. Calculate the highest common divisor of 10 and r.
10
Let u = 18019 - 14503. What is the highest common factor of 12 and u?
12
Suppose -o - 2*m = 2*o - 77, 3*o - 6*m - 69 = 0. Let w be 9/(-6) + (-7509)/(-6). What is the greatest common divisor of o and w?
25
Suppose -r = -2*w - 656, -4*w - 3280 = -258*r + 253*r. What is the highest common factor of 24 and r?
8
Let a(j) be the first derivative of -33*j**2 - 22*j - 1. Let t = -109 - -102. Let o be a(t). What is the highest common factor of 40 and o?
40
Let g(l) = 37*l - 457. Let m be g(84). What is the highest common divisor of 723 and m?
241
Let f be 42 + (6 - 1 - 25). Suppose -3*c + c + 264 = 0. Calculate the greatest common divisor of c and f.
22
Let n(u) = 2*u**3 + 6*u**2 + 5*u + 7. Let z be n(-3). Let c be (-1 - 3/4)*192/z. What is the greatest common divisor of 294 and c?
42
Suppose 13*b - 10*b - 607 = -2*a, -4*b - 2*a + 810 = 0. What is the highest common divisor of 3277 and b?
29
Let x be (-6)/(-33) + (-1228)/(-22). Suppose 0 = -3*t + 15, -t + 21 = 4*w - x. Let k be (27 - 3) + (-3)/(-1). What is the highest common factor of w and k?
9
Suppose -2*m = 7*j - 10*j + 1038, 2*j - 3*m = 707. What is the highest common factor of j and 7565?
85
Let z = 609 + -604. Suppose -2*p + w = -3*w - 162, 3*p - 241 = z*w. What is the highest common divisor of p and 22?
11
Suppose 383 = v - 5*b, -413 - 1394 = -5*v - 2*b. Calculate the greatest common divisor of v and 341.
11
Suppose -4*u = -4*v + 16, 4*v = -0*v - u + 11. Suppose -2*m - a + 8 = 0, -5*m + 7*m = -5*a - 8. Calculate the highest common factor of v and m.
3
Suppose 0 = -15*y - 53*y + 210 + 742. What is the highest common factor of 94 and y?
2
Let n be 18/33 + 71736/132. Calculate the greatest common factor of 85 and n.
17
Let s = 5 - -8. Suppose s = 5*o - 7. Let b be o + -3 + 2 - (-31)/1. What is the highest common factor of 374 and b?
34
Suppose -3*g + 336 = -3*u, -g + 13*u - 11*u = -112. Calculate the highest common factor of g and 10024.
56
Let l be 62/3 + (377 + -375)*(-1)/(-6). Let h = 191 - -40. What is the greatest common divisor of h and l?
21
Let i(c) = 13*c**2 - 1720*c - 172. Let v be i(133). What is the greatest common factor of 25 and v?
25
Let j(m) = 4*m + 4*m**2 - m - 1 - 7*m + m. Let w be j(-3). Calculate the highest common divisor of w and 8.
4
Let m(u) = u - 5. Let b = 69 - 58. Let t be m(b). What is the greatest common divisor of 30 and t?
6
Suppose -35*y - 47*y - 37*y = -47957. What is the highest common divisor of 52 and y?
13
Let x(g) = 139*g - 392. Let l be x(3). Calculate the highest common divisor of 625 and l.
25
Let c(z) = -z**3 - 5*z**2 + 7*z + 13. Let i = 166 + -172. Let g be c(i). Calculate the highest common divisor of g and 14.
7
Let l(b) = -4*b**2 + 1. Let h be l(1). Let u be ((192/h)/2)/(-1). Let r = 54250 - 54246. Calculate the highest common factor of u and r.
4
Let w = 62 - -18. Suppose 5*o - 29 = 51. Suppose 4 + o = v. Calculate the greatest common factor of w and v.
20
Let h(j) be the second derivative of j**5/20 + j**4 + 5*j**3/3 - j**2 + 4*j. Let o be h(-8). Let u = o + -111. Calculate the greatest common factor of 7 and u.
7
Suppose -308 = -4*h -